= -2*v + 26. Let t(a) = 2*a + a**2 + 9*a + v - 2 + 1. Let j be t(-11). Determine n(j).
-6
Let q(z) = z + 51. Let n be q(-10). Let d(t) = 41*t - 80*t - t**2 + 3 + n*t. Determine d(-2).
-5
Let b(d) be the second derivative of 1/3*d**3 - 1/20*d**5 + 2*d**2 - 1/4*d**4 - d + 0. Determine b(-3).
-2
Let l(j) = 7*j**3 + 5*j**2 - 8*j. Let w(a) = 9*a**3 + a**3 + 10*a**2 + 0*a**3 - 15*a - 1 + 3*a**3. Let t(u) = 11*l(u) - 6*w(u). Calculate t(-5).
-4
Let n = -1234 - -1228. Let y(a) = -a**3 - 8*a**2 - 12*a - 2. Give y(n).
-2
Let a = 60 + -43. Let u = 22 - a. Suppose 0 = u*m + 10 + 5. Let r(v) = v**3 + 4*v**2 + 3*v - 1. Determine r(m).
-1
Let g(z) be the first derivative of -z**3/3 + 17*z**2/2 - 3*z + 15. Let m be g(17). Let l(r) = -6*r. Calculate l(m).
18
Let o(y) be the first derivative of y**3/3 - y**2 - 17*y + 518. Calculate o(5).
-2
Let u(l) = 3*l + 1. Let p(q) = -1. Let t(n) = 2*p(n) - u(n). Suppose -112 = -15*k + 17*k. Let w = -60 - k. What is t(w)?
9
Let i(h) = 2*h**2 + 9*h + 1. Let b(a) = -57*a + 622. Let t be b(11). Determine i(t).
6
Let m(t) be the first derivative of t**4/4 - 4*t**3/3 - 2*t**2 + 4*t + 269. What is m(3)?
-17
Let i(n) = -n**2 + 7*n + 5. Let d = 12 - 8. Suppose -7 = d*z - 35. What is i(z)?
5
Let j(m) = -m**2 + 6*m - 7. Let x be (-1)/(-2)*(-5 + 11). What is j(x)?
2
Suppose 8*z - 30 = 2*z. Let i(q) be the third derivative of q**4/24 + 5*q**3/6 - 8*q**2. Calculate i(z).
10
Let c = -2 - -3. Let l(d) be the second derivative of -d**5/10 - d**4/12 + d**3/6 - 92*d - 1. Determine l(c).
-2
Let s(o) = 0*o**3 + o**3 + 27*o - 6 - 21*o - 6*o**2. Let b(m) = m + 3. Let y be b(2). Give s(y).
-1
Let x(k) = 6 - k + 4*k**2 - 6*k**2 + k**3 + 7*k**2. Determine x(-5).
11
Let j(a) = -3*a + 6. Let v(z) = -4*z + 6. Let b(m) = -6*j(m) + 5*v(m). Let l be b(-3). Let i(y) = -y**3 - y**2 + y + 2. Calculate i(l).
2
Suppose 4*k + 2 = 2*x, 4*k - 2*k = -4*x + 14. Suppose j = -4 + 7. Let r(t) = j*t - 3*t + 5*t. Calculate r(k).
5
Let y(x) = -9*x + 2. Suppose -16*t - 10 = -26. Determine y(t).
-7
Let i(s) = -s**2 + 5*s. Let v be 24/(-30)*10/(-1). Let y be (-6 + v)/(1/3). Let l be y - ((3 - 2) + 1). Give i(l).
4
Suppose 2 = -2*x - z, -x = -4*x + 5*z - 3. Let n(m) = -3*m + 11. Let f(v) = v - 1. Let k(i) = x*n(i) - 4*f(i). Give k(-9).
2
Let r be (-5)/(-2 - (-1)/1). Let t(p) = 4*p**3 + 12*p**2 + 28*p + 6. Let j(l) = -l**3 - 4*l**2 - 9*l - 2. Let b(q) = 7*j(q) + 2*t(q). What is b(r)?
-12
Let j(a) = -5*a - a**2 + 5 + 1 - 3. Let v(t) be the second derivative of -t**5/20 + 4*t**3/3 - 3*t**2/2 + 2*t. Let q be v(3). Determine j(q).
-3
Let s(h) = 4*h**3 + 9*h**2. Let z be s(-2). Let j(w) be the first derivative of -5*w - 1/2*w**2 - z + 1/4*w**4 + 4/3*w**3. Calculate j(-4).
-1
Let i(m) be the third derivative of -m**5/60 - m**4/4 + 5*m**3/6 + 6*m**2 - 5*m. Calculate i(-8).
-11
Let j(k) = -k**3 - 6 + 4*k - k**3 + 3*k**3 + 7*k**2. Suppose 5*g = 3*g + 60. Suppose -25*f = -30*f - g. Give j(f).
6
Let q = 18 - 13. Let r(g) = 9*g + 8. Let i(s) = 8*s + 7. Let h(x) = q*r(x) - 6*i(x). What is h(-5)?
13
Let x(o) be the first derivative of -o**3/3 + 3*o**2/2 + 9*o - 11. Let z be x(-2). Let w(p) = 3*p - 1. Calculate w(z).
-4
Let z(o) be the first derivative of o**2 - 5 - o - 1/3*o**3 + 1/4*o**4. What is z(1)?
1
Suppose t - 2 = 2*r, -24 = -2*t - 2*r + r. Let o(z) = -z**3 + 9*z**2 + 8*z - 1. Determine o(t).
-21
Let m(n) = -n**2 - 11*n - 5. Suppose 4*z - 2*z + 20 = 0. Let f be m(z). Let j(x) = -5*x - 2 + 3*x + f*x - 2. Give j(3).
5
Let o = -976 - -978. Let l(i) = 2*i**2 + i + 1. Determine l(o).
11
Let u(n) = -n**2 + 12*n - 17. Suppose -117 = -14*q + 51. Calculate u(q).
-17
Suppose 6*w - 47 + 35 = 0. Let p(c) be the third derivative of 0 + 3*c**w - 3/2*c**3 + 1/24*c**4 + 0*c. Calculate p(6).
-3
Let d(x) be the second derivative of -x**6/360 + x**5/60 + 7*x**3/2 - 15*x. Let n(u) be the second derivative of d(u). Determine n(2).
0
Let b(n) = 5*n**3 - 5*n**2 + n - 2. Let s(f) = f**3 + 1. Let g(p) = b(p) - 4*s(p). Suppose -2*c + 15 = c. Give g(c).
-1
Let w(v) = -v**2. Let p(t) = -5*t**2 + 5*t - 5. Let q(h) = p(h) - 6*w(h). Let a(b) = b**3 + 12*b**2 - 14*b - 18. Let z be a(-13). Calculate q(z).
-5
Suppose -4*a = -2*a + 4, 4*a + 5 = -3*s. Let g(c) = -s - 8*c + 5*c + 6*c - c. Give g(4).
7
Let r(v) = 17*v + 14. Let k(j) = -6*j - 5. Let l be 6/51 + (-414)/51. Let c(i) = l*k(i) - 3*r(i). What is c(3)?
-11
Let w(j) = j**2 + 9*j + 16. Let l be w(-5). Let f(h) = h**3 + 3*h**2 - 2*h - 4. Give f(l).
-12
Suppose 4*k = -0*k. Suppose 5*t - 4*p - 8 = 0, t - 2*p - 2 + 4 = k. Let a(c) be the third derivative of -c**4/24 + c**3/3 + 2*c**2. What is a(t)?
-2
Let m(h) = h**3 + 4*h**2 + 4*h + 13. Let k be m(-4). Let c(f) be the second derivative of f**3/3 + 5*f. What is c(k)?
-6
Suppose z + 2 + 9 = -3*s, 5*s + 45 = 5*z. Let n(v) be the second derivative of v**5/20 + 5*v**4/12 + 3*v**2/2 + 183*v. Give n(s).
3
Let q be (-1)/(-4) + (-34)/8. Let j(k) = -2*k**3 - k**3 + 2*k**3 + 2*k + 3*k - 2*k**2 - 1. What is j(q)?
11
Let k(c) = -c**2 + 4*c + 4. Suppose 11*y = 87 - 21. Give k(y).
-8
Let b(i) = -i**2 - 3. Suppose -3*o - o = -48. Suppose 5*d = 13 + o, 2*d = k + 6. Determine b(k).
-19
Suppose 16 = 3*g + 10*x - 8*x, 28 = 4*g - 4*x. Let l(w) = w**2 - 8*w + 5. What is l(g)?
-7
Let t(a) = -8*a - 6. Let p(m) = 23*m + 25. Let j(x) = -3*p(x) - 11*t(x). What is j(3)?
48
Let k be (63/(-2))/(-9)*(-168)/98. Let a(q) = -6*q - 40. Calculate a(k).
-4
Let m(d) = 9*d**3 - 3*d**2 - 25*d - 4. Let f(c) = 7*c**3 - 4*c**2 - 23*c - 5. Let a(h) = 4*f(h) - 3*m(h). Give a(9).
1
Let m(r) = -r**2 - 7*r + 8. Let z = -48 - -52. Let u be -5 - (14/2 - z). Calculate m(u).
0
Let s(m) = m**2 + 5*m. Let o be s(-5). Suppose -5*g = -2*g - 3*c, -2*g - c = o. Let v(u) be the first derivative of -u**3/3 + u**2/2 - 5*u - 4. What is v(g)?
-5
Let y(l) = -8 - 6 + l**2 + 5*l + 4 + 5. Let k be (-3)/((-6)/4 - -2). Give y(k).
1
Let a(y) = -8. Let h(g) = g + 1. Let d(z) = -a(z) + 5*h(z). Let r(f) = -6*f - 14. Let i(x) = 5*d(x) + 4*r(x). Let b be (-1)/(-2) + (-3)/6. What is i(b)?
9
Let h(b) = 2*b - 2. Let x be 72/4*(-2)/(-3). Let o = x + -16. Let f = 1 + o. Give h(f).
-8
Let l(r) = -r**3 + 5*r**2 - 6*r + 4. Let k be l(3). Let g(w) = -k - 947*w + 0 + 955*w + 1. Determine g(2).
13
Let j be (-20)/(-8) + (-3)/(-3 + -3). Let x(b) = 74*b + 6 + 0*b**2 - 74*b + b**j - 9*b**2. Calculate x(9).
6
Let y(c) = -26*c - 2. Let q be 60/42 - 1*12/28. What is y(q)?
-28
Let v(g) = -g**2 - 12*g + 3. Let d be v(-12). Let m(r) = 3*r**2 - 2*r - 4 - 4*r**3 + 5*r + 4*r**3 - r**3. Give m(d).
5
Let z be 0/(2*(-2 - -1)). Let b be (8/(5 + -7))/(0 - 2). Let p(f) = -25 + 48 - 26 - f**b - f. Determine p(z).
-3
Let n be (-4)/(-14) + 12/7. Let w(l) be the third derivative of -l**4/24 + 34*l**2. Let k(i) = -4*i. Let u(j) = n*k(j) - 11*w(j). What is u(4)?
12
Let b(q) = -4*q + 7. Let p be b(1). Let l(m) be the first derivative of m + 1/3*m**p + 1 - 5/2*m**2. Give l(3).
-5
Let l = -33 - -41. Let i(p) = p - 6. Let r be i(l). Let y(j) = 2*j**3 - 2*j**2 - 2*j + 1. Calculate y(r).
5
Suppose -12 = -2*f - 5*a, 3*a = 4*f - 14 + 42. Let l be 3/3 - (-2)/2. Let g(z) = -5 + l*z - 3*z + 1. What is g(f)?
0
Let s(a) = 2*a**3 - 4*a**2 - 2*a + 2. Let y be 36/(-60)*(3 - 8). What is s(y)?
14
Let h(a) be the first derivative of a - 1 - 1/2*a**2 - 1/4*a**4 + 4/3*a**3. Suppose -31*n = -26*n - 15. Calculate h(n).
7
Let r(f) be the third derivative of f**6/40 + f**5/30 + f**4/24 - 2*f**2. Let i be 19/((-285)/60)*(-3)/(-12). What is r(i)?
-2
Let x(z) be the third derivative of 0 - 6*z**2 - 1/6*z**3 + 1/60*z**5 + 0*z + 0*z**4. Give x(-3).
8
Let w(p) be the second derivative of -p**4/12 - 7*p**3/3 - 12*p**2 - 107*p + 2. Give w(-13).
-11
Let k = -20 + 32. Suppose 3 + k = -j + 3*c, 0 = -3*j - 3*c + 15. Suppose 2*s + 6 + 2 = j. Let i(y) = -2*y. Give i(s).
8
Let r(i) = 4*i - 1. Let q be 0*3/(-12) - -2. Suppose 11 = -4*k + 3*c, 3*k = -q*k + 4*c - 15. Give r(k).
3
Let i(u) = -276*u**3 + 17*u**2 + 17*u - 6. Let n(m) = -301*m**3 + 18*m**2 + 18*m - 7. Let b(w) = 12*i(w) - 11*n(w). Suppose -3*l + 28 = l. Give b(l).
-2
Let g(u) = -u**3 - 4*u**2 - 4*u - 1. Suppose 99*h - 5*f = 100*h + 3, 0 = -2*h + 3*f - 6. Determine g(h).
2
Let c(n) = -2*n**2 + 3*n + 10. Let w be 25/3*(-90)/(-150). Give c(w).
-25
Suppose 25 = 3*j - 8*j + 3*z, -4*j - 18 = -2*z. Let c